n.
9
What is the remainder when 84 + 0 - (-5 - (9 + -10)) is divided by 18?
16
Suppose -2*t - 1 = -b + 4, 5*b - 3*t = 39. Calculate the remainder when ((-9)/(-6))/((-2)/(-20)) is divided by b.
6
Let n(r) = 13*r + 1. Let t be n(-3). Let v = -26 - t. Calculate the remainder when 35 is divided by v.
11
Suppose u - 4*u = 0. Let d = u - -2. Suppose -d - 63 = -5*r. Calculate the remainder when r is divided by 7.
6
Suppose 2*b - 1 = 2*r - 11, 5*r + 3*b = 33. Suppose -2 = 2*s - 32. What is the remainder when s is divided by r?
3
Let l = -17 + 17. Suppose 2*u - 2 = l, 4*x - 57 = -0*u + 3*u. What is the remainder when x is divided by 9?
6
Let b(u) be the second derivative of -u**4/12 - 5*u**3/6 - u**2/2 - 2*u. Suppose -1 = 2*k - 7. What is the remainder when b(-3) is divided by k?
2
Let g(j) = 51*j + 3. Let p be g(3). Suppose 5*c - p = 54. What is the remainder when c is divided by 22?
20
Suppose 0 = 3*n + 9, j + 3*n = 2*n + 1. Suppose 9*y - j*y = 0. Suppose -2*x + 3*x - 9 = y. Calculate the remainder when 35 is divided by x.
8
Let y(b) = b**3 + 7*b**2 + 4*b - 2. Let l be y(-4). Let a = 14 + l. Suppose -3*i = 5*u - 55, -32 = -2*i - 3*u + 4. What is the remainder when a is divided by i?
14
Suppose -3*c + 6 + 0 = j, -j + 1 = 2*c. Let g = -3 - j. Calculate the remainder when 11 is divided by g.
5
Let y = -3 + 6. Suppose -g = 2*g + 3*w + 6, -4*w = y*g + 10. Let z = 20 + -18. What is the remainder when g is divided by z?
0
Let f(u) = 2*u**2. Let o be f(-1). Suppose 0 = -o*y - 8 + 30. Calculate the remainder when 21 is divided by y.
10
Suppose 0 = -8*j + 3*j + 95. Suppose 0 = -0*u + 3*u + 9, 0 = -5*k - u + 47. Calculate the remainder when j is divided by k.
9
Let a = 6 + -2. Let j = 4 + -2. Suppose -j*x = x - 30. Calculate the remainder when x is divided by a.
2
Suppose -4*y - y - 3*g = -54, 5*g = -y + 24. Let b = 2 - 3. Calculate the remainder when y is divided by 14/2 + 2/b.
4
Suppose 0 = 4*m - 17 - 7. Calculate the remainder when 35 is divided by 19/((m - 3) + -2).
16
Let y(n) = 2*n**2 - 9*n + 15. Let d(s) = s**2 - 3*s + 5. Let g(l) = 11*d(l) - 4*y(l). Calculate the remainder when g(-4) is divided by 17.
14
Let j = -32 - -108. What is the remainder when j is divided by 42?
34
Let f(n) = n**3 + n**2 - n - 4. Let w(p) = -p - 15. Let y be w(-10). Let x(t) = -t**3 - 5*t**2 - 3*t - 5. What is the remainder when f(3) is divided by x(y)?
9
Suppose 0 = 3*s + 2*v - 102, -3*s - v = -6*v - 102. Suppose -3*k - 6 = -60. Calculate the remainder when s is divided by k.
16
Suppose 0 = 3*f - 43 - 266. What is the remainder when f is divided by 18?
13
Let g = -78 + 87. What is the remainder when 98 is divided by g?
8
Suppose u = 3*c - 31, -5*c = -0*c - 3*u - 53. What is the remainder when 49 is divided by c?
9
Calculate the remainder when (-6915)/(-255) - 4/34 is divided by 12.
3
Let o(x) = -x**2 + x + 2. Let y be o(2). Suppose -3*z - 5*b + 31 + 22 = y, 5*z - 125 = -b. Suppose v = 2*v - 14. What is the remainder when z is divided by v?
12
Calculate the remainder when 14 is divided by (1*(-3 + 12))/1.
5
Suppose 5*b - 6 = 3*p, 2*p - 5*b + 7 = 3. What is the remainder when 14 is divided by (-11)/p - (-1)/(-2)?
4
Suppose -135 + 15 = -3*m. Calculate the remainder when m is divided by (-82)/(-6) - 4/(-12).
12
Suppose 5*v = -3*v + 288. Calculate the remainder when 106 is divided by v.
34
Suppose -3*s + 5 = -2*s. Suppose -197 = -5*j + q + 32, -s*j - q + 231 = 0. Suppose -n = n - j. Calculate the remainder when 68 is divided by n.
22
Suppose 24 = 3*r - 15. Calculate the remainder when (1 - 2/3)*111 is divided by r.
11
Let v = 20 - 8. What is the remainder when 35 is divided by v?
11
Suppose -18 = 3*c - 4*c. Let s(m) = m**3 - 6*m**2. Let d be s(6). Suppose 2*v + 2*u - c = d, -u - 12 = -v + 3. Calculate the remainder when 22 is divided by v.
10
Suppose 2*h - 59 = h. What is the remainder when h is divided by 15?
14
Suppose -6 = p - g - 2, -2*p = 2*g + 16. Let u(t) = -t**2 - 7*t + 1. Calculate the remainder when u(p) is divided by 5.
2
Let r = 8 - 6. Suppose 2*s + r*j = -0*j - 4, 0 = -2*s + 3*j + 21. Suppose m - 25 = -s*b, 0 = -3*m + b + 25. What is the remainder when 28 is divided by m?
8
Let t = -5 - -15. Calculate the remainder when 12 is divided by t.
2
Let n(t) = t**2 - 7*t + 5. Let b be n(7). Let k = 16 - b. What is the remainder when 21 is divided by k?
10
Let m = -55 - -62. Calculate the remainder when 74 is divided by m.
4
Let d(n) = 4*n - 13. Calculate the remainder when 56 is divided by d(8).
18
Suppose 4*j - 8 = 3*j. Suppose -9*q = -150 - 183. What is the remainder when q is divided by j?
5
Let h(y) = -y. Let r be h(1). Suppose 4*i + 0 = 12. Calculate the remainder when 38 is divided by (r - 9/i)*-5.
18
Let u = 17 + -10. Suppose -4*v - 4*m = -24, 0 = -v - 0*m - 2*m + u. Suppose l + p = v*l - 49, -65 = -5*l + 2*p. What is the remainder when 32 is divided by l?
10
Let r(f) = -f**2 - 6*f + 7. Let u(p) = -p**2 + 2. Let m be u(0). Calculate the remainder when m/(-3)*(-264)/16 is divided by r(-6).
4
Suppose 3*w = 4*w - 3*y - 54, -3*y + 48 = w. What is the remainder when w is divided by 13?
12
Let t(u) = -u**3 - 4*u**2 + u - 7. Suppose 2*s - 24 = 4*n, -2*s - 1 = 2*n + 5. Suppose -35 = -7*x + s*x. What is the remainder when t(-5) is divided by x?
6
Let f = 12 + 19. What is the remainder when f is divided by 13?
5
Calculate the remainder when 98 is divided by -10*(-4)/220 - (-744)/22.
30
What is the remainder when ((-4)/12)/(3/(-117)) is divided by 8?
5
Suppose -x - 3*x - 3*o = -340, -x - 4*o = -85. What is the remainder when x is divided by 29?
27
Suppose 2*i - 65 - 53 = 3*n, -4*i + 3*n = -224. Calculate the remainder when 210 is divided by i.
51
Suppose -5*n - 106 = m - 361, 3*n = -3*m + 153. Calculate the remainder when n is divided by 13.
12
Let f be (-152)/(-11) - 4/(-22). Let h = -5 + f. Calculate the remainder when h is divided by 3.
0
Let g = -3 - -1. Let q = g - -5. What is the remainder when 2 is divided by q/2*20/15?
0
Let d(b) = -b**3 - 8*b**2 - 6*b + 9. Let o be 17 - 2/(-2)*-2. Suppose 3*k - 4*k + o = 4*n, -n = k - 6. What is the remainder when k is divided by d(-7)?
1
Let x(s) = s**3 + 7*s**2 - 2*s - 3. Suppose m + 2*m + 3 = 3*q, -2*q = -6. Calculate the remainder when x(-7) is divided by 1/m*2 - -5.
5
Suppose 5*v - 132 = -3*g - 37, 12 = 3*v. Let u = 12 + -15. Let w = u + 16. What is the remainder when g is divided by w?
12
Let x = 128 - 54. Calculate the remainder when x is divided by 15.
14
Let u be 3/(-12) - (-147)/12. Let r = 27 - u. Suppose 5*v = 78 + 67. Calculate the remainder when v is divided by r.
14
Suppose 5*n + 4*g - 36 = 34, -n = -g - 23. Suppose -4*r + 54 + n = 0. Let q(v) = -51*v**3 + 2*v**2 + v. What is the remainder when q(-1) is divided by r?
16
Calculate the remainder when 25 is divided by 0/(-17) + 1*3.
1
Suppose 3*d = 4*k - 2, -4*k + 5*d = 4 - 2. Suppose -k*r + 9 = 33. Let a = r - -23. Calculate the remainder when 42 is divided by a.
9
Let b = -38 - -56. Suppose 6*f - 33 = -2*a + f, a + 1 = f. Suppose 2*h + 1 = h - 2*l, -l + 17 = a*h. What is the remainder when b is divided by h?
3
What is the remainder when 8 is divided by ((-1)/3)/(26/9 + -3)?
2
Calculate the remainder when 46 is divided by (-12)/4 - (-33 - -6).
22
Let y(s) = s**3 + 6*s**2 - 8*s + 5. What is the remainder when y(-6) is divided by 18?
17
Suppose 2*t - p + 12 = -2*p, -16 = 3*t + p. Let k(l) = -l**3 - 4*l**2 + 3*l - 1. Let j be k(t). Let d = 18 + j. What is the remainder when d is divided by 2?
1
Suppose x - 16 = -3*x. Let o(d) = d**2 + 3. Let r(y) = -y**3 - 8*y**2 - 2*y - 9. What is the remainder when o(x) is divided by r(-8)?
5
Suppose m + 5*a = 4, -2*m + 12 = 4*a + 4. Let f be (-6)/4 + 4/8. What is the remainder when m is divided by (-1 + f - 0)/(-1)?
0
Let z(c) = c**2 - 2*c + 8. Let r be z(6). Suppose 4*d - r = -0*d. Let l(m) = -m + 10. Calculate the remainder when l(-21) is divided by d.
7
Suppose -21 = -3*c + 15. What is the remainder when (-264)/(-18)*6/4 is divided by c?
10
Suppose -5*q + 4*q = -15. Let f = q - 7. What is the remainder when 22 is divided by f?
6
Let a = -12 - -20. Suppose 3*i = 3*s - a*s + 8, -2*i + 8 = 4*s. Let c = -4 - -14. Calculate the remainder when c is divided by s.
2
Suppose 46 = -4*l - 4*v + 134, -2*v - 112 = -4*l. Calculate the remainder when